3)*1. Suppose -4*v - 60 = -z - 429, v - s = -4*z. What are the prime factors of v?
2, 23
Suppose 3*g = 0, 5*l + 77 + 13 = -5*g. What are the prime factors of (l - -20) + 4*5?
2, 11
Suppose 20 = 43*w - 38*w. Suppose -11*m + w*m + 2233 = 0. What are the prime factors of m?
11, 29
Let v be (-232 + 3)*-1 - (-3)/1. Suppose -3*p + v + 741 = -4*a, 4*p - 1298 = 5*a. Suppose -p = -d - d - 5*m, 0 = 3*d - 4*m - 433. List the prime factors of d.
151
Let y(g) = 2*g**2 - 6*g + 47. Let o be y(8). Suppose 121*f + 3060 = o*f. List the prime factors of f.
2, 3, 5, 17
Let w = -10517 - -13437. What are the prime factors of w?
2, 5, 73
Suppose -r = -4*p + 14906, r = 69*p - 70*p + 3719. List the prime factors of p.
5, 149
Let w = -11611 + 26316. What are the prime factors of w?
5, 17, 173
Let f = -153 - -480. Let c = 1276 - 703. Suppose -3*u - f = -3*a, 4*a - u + 134 = c. What are the prime factors of a?
2, 5, 11
Suppose -58*k + 66*k - 2840 = 0. Let a = k - 183. List the prime factors of a.
2, 43
Let b = 13198 + 859. What are the prime factors of b?
14057
Let u(x) = -22*x**2 - 7*x - 9. Let k be u(-5). Let t = -368 - k. Let l = t - 88. What are the prime factors of l?
2, 17
Let m(t) = -t**3 + 43*t**2 + 122*t - 18. What are the prime factors of m(42)?
2, 3, 5, 229
Suppose 27292 = 3*y - 5*p - 11429, -4*p = -5*y + 64548. What are the prime factors of y?
2, 3, 269
Let y = 18 - 14. Suppose 4*t = y*w - 2548, -t = -3*w + 701 + 1210. List the prime factors of w.
7, 13
Suppose 3*j + 2*z - 44 = 0, -3*z = j - 8*z - 43. Let w(x) = 4*x**2 - 28*x + 48. What are the prime factors of w(j)?
2, 3, 5, 7
Let a(p) = p**2 + p. Let j(b) = 4*b**2 - 6*b + 43. Let r(f) = -5*a(f) + j(f). Let h be r(-13). Suppose h*u + 174 = 18*u. What are the prime factors of u?
2, 3, 29
Suppose 0 = 2*j - 4*d - 85754, 7*j + 4*d = 2*j + 214343. What are the prime factors of j?
43, 997
Suppose 2*g = 2*p + 8, 2*g - 23 = 2*p - 3*g. List the prime factors of 539 - (p + 3 + -4).
7, 11
Let m(n) = n**2 + 7*n - 13. Let l(k) = -k**3 + 6*k**2 + 6*k + 26. Let q be l(7). List the prime factors of m(q).
13, 37
Suppose r = z - 993 + 4748, 6 = 2*z. List the prime factors of r.
2, 1879
List the prime factors of ((-63)/27)/((-12)/(-36)) - (-1 - 29194).
2, 7297
Suppose -3*w + 48 = 3*h - 0*h, -2*w + 86 = 5*h. Suppose -45864 = -h*g - 34*g. What are the prime factors of g?
2, 3, 7
Suppose 2*n = 2, b + 217 + 99 = n. What are the prime factors of ((b/(-12))/(-5))/((-15)/1960)?
2, 7
Suppose -4*u = -b + u - 16, 0 = -2*b + 5*u - 17. Let y be -2 + b + 6 + -2 - -1. What are the prime factors of (-3)/y*190/(-15)?
19
Let b(f) = f**2 + 3*f - 7. Let h be b(-5). Suppose 0 = 2*g + 6, h = -k - 3*g - 7. What are the prime factors of k/(-10) - 1778/(-20)?
89
Suppose 22*l - 344 - 206 = 0. What are the prime factors of -619*(-1 + (l/5 - 5))?
619
Let p = -1 - -17. Suppose 3*v = 11*v - p. Suppose 0 = -2*d - v*j + 21 + 3, 5*d = -3*j + 64. What are the prime factors of d?
2, 7
Let h(s) = 3101*s - 6605. List the prime factors of h(3).
2, 19, 71
Let q = -90999 - -148122. List the prime factors of q.
3, 11, 577
Suppose 5*x - 4*w - 60 = 8*x, 3*x = -w - 69. List the prime factors of 1420*(x/16 + 2).
2, 5, 71
Let k(w) = 35*w**2 - 49*w + 58. Let z be k(-17). What are the prime factors of z/21 - (-6)/(-63)?
2, 131
Let i(a) = -4*a**2 - 83*a - 38. Let d be i(-20). Suppose -30*z + 5668 = d*z. List the prime factors of z.
109
Suppose 3*n - 26700 = -2*g, g - 46365 = -5*n - 1858. List the prime factors of n.
2, 4451
Let p(f) = 67*f**2 + 123*f + 1125. What are the prime factors of p(-9)?
3, 5, 11
Let h(m) = -6*m**2 - 8*m - 14. Let c be h(-6). Suppose 7866 = 18*n + 2844. Let f = n + c. List the prime factors of f.
97
Suppose 21*s - 15870 = -2115. Let j = 315 + s. What are the prime factors of j?
2, 5, 97
Let q = -91 + 54. Let w = q - -42. Suppose 3*k + 2*p - 171 - 169 = 0, 5*k - w*p = 550. List the prime factors of k.
2, 7
What are the prime factors of ((-44)/8 + 13)*(-6016)/(-6)?
2, 5, 47
Let j = 558 - 1193. Let c = 1109 + j. List the prime factors of c.
2, 3, 79
Let b(g) = -189*g - 2036. What are the prime factors of b(-23)?
2311
Let i = -2 + 14. Let t be 0*(1 - 16/i) + 0. Suppose t = -11*s - 12*s + 2438. List the prime factors of s.
2, 53
Let a = 3051 - 4442. Let c = 2886 + a. List the prime factors of c.
5, 13, 23
Suppose 0 = 5*d, -3*d + 4*d - 35 = -5*q. Suppose -6*l + q = l. What are the prime factors of 5/(-5)*(l - 116)?
5, 23
Suppose 3*g - 723 = 141. Suppose -7*j + 11*j = -g. Let f = 110 + j. What are the prime factors of f?
2, 19
Let n = 32178 - 13571. List the prime factors of n.
23, 809
Let p(d) = 3*d + 9. Let f be p(-3). Suppose 4*a + q + f*q = -27, 3*q - 38 = 5*a. Let g(h) = -h**3 - 3*h**2 - 9*h - 17. List the prime factors of g(a).
2, 11
Let g = -56 + 65. Suppose 0 = -5*p - g - 6. Let o(u) = -39*u - 2. What are the prime factors of o(p)?
5, 23
Let o = -7282 + 2113. List the prime factors of (18/15)/(-2 + o/(-2580)).
2, 43
Let h = 375 + -378. What are the prime factors of 17/(17/286) - h?
17
Let m = 43676 - -12881. What are the prime factors of m?
23, 2459
Let g = -47311 + 68371. What are the prime factors of g?
2, 3, 5, 13
List the prime factors of 0 - 3*-13038 - (13 - 2 - 18).
19, 29, 71
Let z = 51 - 51. Let p be ((-2 - z) + 2)/(-2). Suppose 3*s - 21 + 3 = p. What are the prime factors of s?
2, 3
What are the prime factors of ((-54)/(-30))/(180/1842600)?
2, 3, 37, 83
Suppose -4*k + 5*d - 15 = 0, k = -0*k - 2*d + 6. Suppose -4*j + 4*g = -36, 3*j = 3*g - 2*g + 21. Suppose -2*v - j + 86 = k. What are the prime factors of v?
2, 5
Suppose -10987 = -23*h + 1548. Suppose r - 5*k - h = -2*r, -5*k + 10 = 0. What are the prime factors of r?
5, 37
Let z(b) = 398*b - 1472. List the prime factors of z(21).
2, 11, 313
Let o be ((-8)/14)/((-14)/931). Suppose -v = -o - 20. Let t = v - 26. List the prime factors of t.
2
Let u(z) = z**2 + 5*z - 9. Suppose 45 = 4*h - 3*o, 3*h - 4*o = 24 + 15. Suppose -4*g + g + h = 0. What are the prime factors of u(g)?
3, 5
Let n = -1002 + 131. Let q = n - -1560. What are the prime factors of q?
13, 53
Let s(m) = -m**3 + 16*m**2 + 32*m - 137. Suppose -144*w + 117*w = -432. List the prime factors of s(w).
3, 5
Let i = 140761 + -98812. List the prime factors of i.
3, 59, 79
Let l = -284 + 686. Let z = 730 - l. What are the prime factors of z?
2, 41
Let a(u) = -7*u - 221. Let o be a(-49). What are the prime factors of (1621/(-2))/((-61)/o)?
1621
Suppose -2*u + 45 = u + 5*w, -60 = -4*u - 2*w. Suppose 0 = 5*i + u, -3*j - 3*i + 36 = -5*i. Suppose -j*a + 4*a = -666. What are the prime factors of a?
3, 37
Let t be (5/((-70)/(-9387)))/(2/16). Suppose 0 = -13*f + 19*f - t. List the prime factors of f.
2, 3, 149
Let h(o) = -o**3 - 4*o**2 - 5*o - 7. Let c be h(-3). List the prime factors of c*((-39)/(-2) + 4)*-10.
5, 47
Let j(h) = h + 8. Let d be j(-4). Suppose 1111 = d*i - 693. Let g = i - 309. List the prime factors of g.
2, 71
Suppose 20 = 2*s + 2*s - 3*d, -5*s + 25 = 2*d. Suppose 5*i = 4*z - 16, -s*i + 5*z = -2*i + 20. Let r(c) = c**2 + 3*c + 194. List the prime factors of r(i).
2, 97
Suppose 10*m = 9*m + r + 9276, -4 = -r. What are the prime factors of m?
2, 5, 29
Let y be 9/(-6)*14 - 0. Let m be y*((-125)/(-15))/(-5). Suppose -m*b = -38*b + 162. List the prime factors of b.
2, 3
Let n(b) = 2*b**2 + b + 1. Let s(l) = -l**3 - 17*l**2 - 16*l - 45. Let u(a) = 3*n(a) - s(a). What are the prime factors of u(-20)?
2, 7, 31
Let d(s) = -s**3 + 3*s**2 + 6*s + 6. Let h be d(-4). Let x = -456 + 593. Let l = h + x. What are the prime factors of l?
3, 7, 11
Let b be ((-7)/2 + 4)*8. Let o be (-8)/(b*(-5)/130). Suppose -271 = -5*i + 3*f, 0 = 2*i - 4*f - o - 48. List the prime factors of i.
2, 7
Let d = 510 - 145. Suppose 1893 = 5*i + 2*t, i - 10*t + 7*t - d = 0. List the prime factors of i.
13, 29
Let v = 688 + -1281. Let p = v + 1342. What are the prime factors of p?
7, 107
Let k = 1263 - 1275. Suppose -5*d = -3*d - 2. What are the prime factors of (30/k)/((-1)/(d*18))?
3, 5
Let p be 1/(-8) + (-6793)/8*-1. Let c = -494 + p. List the prime factors of c.
5, 71
Let j(o) = 4. Let i(w) = 70*w + 225. Let c(f) = i(f) + 4*j(f). What are the prime factors of c(4)?
521
Let y be 8 + -1 + -10 - (0 - 6). What are the prime factors of -6*2*1/y - -474?
2, 5, 47
Suppose